a + 24 = -l*a. What is i(a)?
-18
Let g be (-2)/3*3/1. Suppose 0 = -69*f + 72*f + 9. Let d(t) = 2*t**2 + t - 1. Let r(i) = i**3 - 2*i**2 - 2*i + 1. Let x(z) = f*d(z) - 2*r(z). Calculate x(g).
7
Let w(h) = -8*h**3 - h**2 - h - 1. Let y(v) = -v**3 + v**2 + 8*v - 13. Let k be y(2). Determine w(k).
7
Let f(w) = -w**3 + w**2 + w - 1. Let q(k) = 2*k**2 - 7*k**3 - 1 + 0 - 7*k + 8*k**2 + 9*k. Let a(h) = -6*f(h) + q(h). What is a(4)?
-11
Let h = 538 - 534. Let g(d) = d**3 + d**2 + 1. Let u(q) = -4*q**2 - 4*q + 3. Let n(v) = g(v) + u(v). Determine n(h).
4
Let g(a) = 18*a**2 + 2*a - 1. Let o = 27 - 22. Suppose c = -4*h, -14 - 3 = 3*h + o*c. Give g(h).
19
Let o(i) = -7 + i - 6*i + 7. Let y = -29 - -29. Suppose 6 = -3*t - y. Determine o(t).
10
Suppose -2*v + 2 + 12 = -2*z, 21 = 5*v + 2*z. Let q(s) = -s**3 + 5*s**2 - 3*s + 4. Determine q(v).
-11
Let m(x) = -x - 11. Let z(u) = 5*u**2 + 2*u - 1. Suppose -2*d - v - 13 = -4*v, 5*v = 15. Let s be z(d). Suppose 6*l - 3*l + s = 0. Determine m(l).
-6
Let g(y) = y**2 - 2*y + 1. Let s be -4 - 3/(6/20). Let d(l) be the third derivative of -l**4/24 - 2*l**3 - 4*l**2. Let u be d(s). What is g(u)?
1
Suppose 5*u - 6 = 14. Let c(l) = -102*l + 32. Let g(x) = -22*x + 7. Let n(f) = -3*c(f) + 14*g(f). Give n(u).
-6
Let h be 2*(-45)/40*16/(-12). Suppose 2*x - 1 - 3 = 0. Let o = x - h. Let i(m) = -m**2. Calculate i(o).
-1
Let c be 1/(2*1/6). Let b(y) = -y**3 + 3*y**2 + 4*y - 9. Let w be b(2). Let q(k) = k + w + 8 - c - 3. Calculate q(0).
5
Let v(y) = y - 1. Suppose -3*c = f - 2, 4*c - 2*f - 2*f + 8 = 0. Suppose c*z + 3 = -3*z - 4*k, 6 = -z - 3*k. Determine v(z).
2
Let c(j) be the second derivative of j**4/6 + 7*j**3/3 + 7*j**2/2 + j - 127. Determine c(-6).
-5
Let q be (-15)/(-18)*(7 + -1). Let c = -5 - -12. Let m(g) = 10*g**2 - c*g + 1 - 12*g**2 + 3*g**2. Give m(q).
-9
Let i = 6 - 1. Let w(f) = -14*f + 42*f - f - 33*f + f**2 + 4. Determine w(i).
-1
Let v = 16 + -13. Let b(a) = 41*a**3 - 42*a**3 + 2*a**2 - 7 - 7*a**2 + v. Suppose 8*c = 3*c - 25. What is b(c)?
-4
Let k(f) = -f. Let c(l) = -l**2 - 7*l - 3. Let b(i) = -c(i) - 2*k(i). Let u be (-3 + 0)/(-14 + 1111/77). Determine b(u).
-11
Let n(a) = a**2 - 7*a + 2. Suppose 3*v - 42 - 33 = -3*g, -5*v + 3*g = -93. Suppose 5*x - 3*d - 28 = x, d + v = 3*x. Give n(x).
2
Let r(d) = d**3 + 2*d**2 - 2. Let o be r(-2). Let p(t) = -t**2 + 4*t - 4. Let f be p(4). Let i = f - o. Let u(j) = j**3 + 2*j**2 + 2. Calculate u(i).
2
Let h(q) = -q**2 + 9*q + 1. Let o be (0/(-1))/(4 + 5 - 8). What is h(o)?
1
Let k(t) = -2*t**3 + 3*t**2 - 3*t + 3. Suppose 29*i = -0*i + 58. What is k(i)?
-7
Let u(s) be the first derivative of 5*s**2/2 - 6*s + 30. Give u(3).
9
Let b(a) = a**3 - 9*a**2 + 8*a - 6. Let x(j) = j + 5. Let y be x(3). What is b(y)?
-6
Suppose 271 = 49*q - 72. Let x(j) = j**3 - 6*j**2 - 11*j + 4. What is x(q)?
-24
Let k(i) = -11*i + 11. Suppose 12*x + 4*y + 23 = 15*x, y + 2 = -3*x. What is k(x)?
0
Let b(k) be the first derivative of -k**2/2 + k + 8. Let r be b(-6). Let y(p) = -5*p**2 - 4*p + p**3 + 0*p + 2*p + r. What is y(5)?
-3
Let j(t) = t - 11. Let i(q) = 4*q - 35. Let x(v) = 2*i(v) - 7*j(v). What is x(-6)?
1
Let n(d) = 5*d**2 + d. Let z(o) = o**2 + 11*o + 25. Let b be z(-3). Determine n(b).
6
Let c be 6/6*2*2. Suppose 3*d = -d - c. Let l(g) = 4*g**2 + 5*g**2 + g - 11*g**2 + 0*g. Determine l(d).
-3
Let n(l) = l - 6 - 3*l + 1. Let h be (-1937)/(-39) + (5/(-3) - -1). Let z = 45 - h. Calculate n(z).
3
Let u(x) = -x**2 - x + 83. Let z be u(0). Let d = z + -57. Let h be (-4)/d + 112/52. Let j(f) = -f**3 + f**2 + 3*f - 2. Calculate j(h).
0
Let p(v) = v**2 - 2*v + 3. Suppose -20 = -4*x, -5*u + 3*u - 6 = -2*x. Suppose -u*z - 12 = -4*b, 0*z + 4*b = z + 14. Give p(z).
3
Let r(v) = -v**3 - 10*v**2 - 7*v + 9. Let p be 1/((-1)/3) + -6. Give r(p).
-9
Let u(c) = c. Let q(x) be the first derivative of x**2 - 14*x + 26. Let d be q(5). Give u(d).
-4
Let s be (25/5 + -3)*(3 - 5). Let g(o) be the third derivative of 2*o**2 + 0*o + 0 - 5/24*o**4 - 1/120*o**6 - 1/12*o**5 - 2/3*o**3. What is g(s)?
0
Let v(b) = 2*b**2 - 3*b - 4. Suppose 0*k + 2*z = 4*k - 6, 9 = 3*z. Give v(k).
5
Let i(n) = 3*n**3 - 2*n**2 - 5*n + 7. Let l(j) = j**3 - 2*j**2 - j + 1. Let z(f) = -i(f) + 4*l(f). Calculate z(6).
3
Let g(h) = -3*h + 2. Let q be 5/(-2)*(-8)/(-4)*-1. Calculate g(q).
-13
Let y(m) = 1 + 10*m - 37*m**3 + 73*m**3 + 10*m**2 - 37*m**3. Calculate y(11).
-10
Let p(b) be the second derivative of -b**4/24 + b**3/2 + b**2/2 + b. Let d(f) be the first derivative of p(f). Suppose 0 = 2*s - 3*s + 4. Calculate d(s).
-1
Let o(j) = -6812*j + 4 + 6811*j + 0. What is o(6)?
-2
Suppose 4*g - 28 = 2*g - 2*v, -3*v = 0. Let x(c) = 11*c**2 + 0 + 4 - g*c**2 - 3*c. Determine x(-3).
-14
Let h(n) = 0*n**2 - 3*n + 2 - 10*n**2 + 8*n**2 - 3*n**2. What is h(2)?
-24
Let g(d) be the second derivative of -d**4/12 + d**2 - 3*d - 62. Give g(0).
2
Suppose 3*z + 1 + 14 = 0. Let u(h) = h + 1. Let m(b) = 6*b + 13. Let d(n) = z*u(n) + m(n). Suppose 5*w - 3*w = 0. What is d(w)?
8
Let h(y) = 13*y - 659. Let t be h(51). Let c(q) = -q**3 + 9*q**2 - 19*q + 4. Calculate c(t).
8
Let w(y) = -y**2 - 11*y + 8. Let l(h) = -h**2 - 8*h - 28. Let n be l(-4). Calculate w(n).
-4
Let b(g) = 7*g**2 - 43*g - 33. Let c be b(7). Let a(l) = -l**3 + 8*l**2 + 11*l + 10. What is a(c)?
28
Let g(c) = -6761*c**2 + 6*c + 3381*c**2 - 3 + 3381*c**2. Let h = -18 - -11. Determine g(h).
4
Let c(t) be the first derivative of -2*t**2 + 20*t + 90. What is c(8)?
-12
Let p(o) = -o**3 - 5*o**2 + 6*o + 9. Let y be 54/(-63)*(1 + -15). Let i = y + -18. What is p(i)?
9
Suppose 5*c - 9 = -64. Let n = c + 10. Let d(w) = 1003*w**2 + 1 - 998*w**2 + 0. Give d(n).
6
Let k(h) be the second derivative of -h**3 - h**2/2 + 2*h. Suppose 0 = -n - 2*r + 1, -5*n - 4*r + 4 = 5. Let v be k(n). Let a(c) = c - 10. Give a(v).
-5
Let w be (2 - (-2 - -2))/1. Let h be 84/16 + w/(-8). Let o(s) be the third derivative of s**5/60 - s**4/4 + s**3 - s**2. Give o(h).
1
Let s be 5/((-10)/72) + -4. Let m = s + 41. Let l(g) = 9*g**2. Give l(m).
9
Let b(c) be the third derivative of 11*c**4/8 - c**3/6 + 39*c**2. Calculate b(-1).
-34
Let i(z) be the first derivative of -z**4 - z**2/2 + z - 5. Let b(q) = -2*q + 18. Let r(g) = -g + 1. Let h(f) = b(f) - 3*r(f). Let x be h(-14). Give i(x).
-4
Let i(s) = 5*s**2 - 23*s - 16. Let a be i(5). Let v(n) = n**3 + 8*n**2 + 9*n + 12. Determine v(a).
30
Let x(h) = -h**2 + 3*h - 1. Let k(d) = d**2 - 3*d + 1. Suppose 0 = 3*y - 4 - 5. Let r(l) = y*k(l) + 2*x(l). Let p(i) = i + 5. Let z be p(-2). Calculate r(z).
1
Let b(j) = j. Let q(i) = -4*i - 3. Let g(k) = 3*b(k) + q(k). Let w = 5 - 0. Suppose -o - w + 3 = 0. Calculate g(o).
-1
Suppose -3*a = -54*l + 58*l - 45, 16 = l - 4*a. Let d(p) = -p**3 + 12*p**2 - p + 8. What is d(l)?
-4
Suppose -a = -4*n - 17, -3*a - 15 = 3*n - 6. Let k(w) = -a + 13 - 2 - 4*w - 9. Calculate k(6).
-23
Let y(s) be the first derivative of s**3/3 - 2*s**2 - 2*s - 5. Let x = 85 + -79. Give y(x).
10
Let t(u) be the first derivative of -u**3 - 5*u**2/2 + 3*u + 77. Give t(-4).
-25
Let q(m) = 7*m**2 + 4*m - 11. Let n(p) = p**2 + p - 1. Let j(o) = 6*n(o) - q(o). Determine j(4).
-3
Let s(j) be the first derivative of -j**6/360 - j**5/40 + j**4/12 - j**3/3 - 27. Let t(p) be the third derivative of s(p). What is t(-3)?
2
Let y be 1 - 1 - 216/(-18). Suppose 5*v - y + 2 = 0. Let q(o) = -v + 2*o + 5 - 2. Determine q(4).
9
Suppose 13*b = 5*b + 16. Suppose -3*s = 2*c, 0*c + 4 = 2*c + b*s. Let h(u) = -7*u + 7*u**2 + 2*u**3 - 3*u**3 + 1 + 0. Give h(c).
-5
Let u(z) be the third derivative of -z**5/60 - z**4/6 - 5*z**3/6 + 7*z**2 - 31. Give u(-2).
-1
Let a(f) = -f. Let q(g) = 2*g**2 - 6. Let c(l) = a(l) + q(l). Calculate c(0).
-6
Let f = -25 - -29. Suppose -a = 5*k - k + 12, -f*a + k = 31. Let h(p) = p**2 + 8*p - 6. Calculate h(a).
-6
Let y(u) = 1. Let w(l) = -l**3 + 6*l**2 + 5*l - 6. Let k(v) = w(v) + 4*y(v). Suppose 14 = 59*j - 57*j. Calculate k(j).
-16
Let w(a) = -25*a**3 - 2*a**2 + 11*a + 11. Let k(s) = 12*s**3 + s**2 - 6*s - 6. Let d(b) = 11*k(b) + 6*w(b). Let l = -15 + 18. Suppose l = 6*m - 3. Give d(m).
-19
Let s(q) = -825 + 1663 - 5*q - 836. Let t(h) = -h**3 + 4*h**2 - h + 1. Let w be t(4). Determine s(w).
17
Suppose -3*v - 27 = 5*k, 4*k + 5*v + 17 = -15. Let j be ((-48)/(-40))/(k/(-10)). Suppo